{"id":264,"date":"2022-11-01T12:29:21","date_gmt":"2022-11-01T12:29:21","guid":{"rendered":"https:\/\/inheiden.de\/?page_id=264"},"modified":"2023-01-05T08:50:57","modified_gmt":"2023-01-05T08:50:57","slug":"hof-doeffinger","status":"publish","type":"page","link":"https:\/\/inheiden.de\/?page_id=264","title":{"rendered":"Hof D\u00f6ffinger"},"content":{"rendered":"\n<figure class=\"wp-block-image size-large\"><img loading=\"lazy\" decoding=\"async\" width=\"1024\" height=\"683\" src=\"https:\/\/inheiden.de\/wp-content\/uploads\/2022\/11\/Hof-Doeffinger_small-1024x683.jpg\" alt=\"\" class=\"wp-image-265\" srcset=\"https:\/\/inheiden.de\/wp-content\/uploads\/2022\/11\/Hof-Doeffinger_small-1024x683.jpg 1024w, https:\/\/inheiden.de\/wp-content\/uploads\/2022\/11\/Hof-Doeffinger_small-300x200.jpg 300w, https:\/\/inheiden.de\/wp-content\/uploads\/2022\/11\/Hof-Doeffinger_small-768x512.jpg 768w, https:\/\/inheiden.de\/wp-content\/uploads\/2022\/11\/Hof-Doeffinger_small-1536x1024.jpg 1536w, https:\/\/inheiden.de\/wp-content\/uploads\/2022\/11\/Hof-Doeffinger_small-2048x1365.jpg 2048w\" sizes=\"auto, (max-width: 1024px) 100vw, 1024px\" \/><figcaption class=\"wp-element-caption\">Hofgut D\u00f6ffinger<\/figcaption><\/figure>\n\n\n\n<p>Das Anwesen steht in der Stefan-Kuhn-Str. 1.<\/p>\n\n\n\n<p>Es besteht aus einem Wohnhaus und mehreren Stall- und Nebengeb\u00e4uden. Auf dem \u00e4ltesten Stra\u00dfenplan von Inheiden aus dem Jahre 1754 wurde das Haus zum ersten Mal erw\u00e4hnt. Es wurde aber wohl schon eher erbaut (wahrscheinlich im 17. Jahrhundert). Heute steht das gesamte Anwesen, einschlie\u00dflich der Klinkermauer und dem Eisentor, unter Denkmalschutz.<\/p>\n\n\n\n<p>Soweit es sich zur\u00fcckverfolgen l\u00e4sst, wohnte in dieser Zeit auf diesem Anwesen die Familie Reitz.<br>Aus dieser Familie gingen mehrere B\u00fcrgermeister von Inheiden hervor &#8211; zuletzt Richard Reitz (1948- 1964), auf dem Foto mit seiner Familie und seinem Pferdegespann zu sehen.<br>Das Haus besa\u00df damals schon einen eigenen Brunnen, sodass in einem Nebengeb\u00e4ude eine eigene Branntweinbrennerei bewirtschaftet werden konnte.<br>In dem kleinen Geb\u00e4ude neben dem Eisentor befand sich fr\u00fcher eine Schmiede. Das Haus besitzt heute noch einen tiefen Kellerraum, der in Kriegszeiten dem \u201eOberdorf\u201c als Luftschutzkeller diente.<br>Der direkte Nachfahre von Richard Reitz &#8211; Ottfried Reitz (genannt Otti), Vater von Ilona Martin geb. Reitz &#8211; siedelte mit seiner Familie um 1964 auf ihren neu gebauten Aussiedlerhof \u201eAuf der Hohl\u201c in Inheiden aus.<\/p>\n\n\n<div class=\"wp-block-image\">\n<figure class=\"aligncenter size-full\"><img loading=\"lazy\" decoding=\"async\" width=\"332\" height=\"432\" src=\"https:\/\/inheiden.de\/wp-content\/uploads\/2023\/01\/Reitz-rotated.jpg\" alt=\"\" class=\"wp-image-456\" srcset=\"https:\/\/inheiden.de\/wp-content\/uploads\/2023\/01\/Reitz-rotated.jpg 332w, https:\/\/inheiden.de\/wp-content\/uploads\/2023\/01\/Reitz-231x300.jpg 231w\" sizes=\"auto, (max-width: 332px) 100vw, 332px\" \/><figcaption class=\"wp-element-caption\">Bild: Ilona Martin<\/figcaption><\/figure>\n<\/div>\n\n\n<p>Danach wurde das Anwesen von Herbert D\u00f6ffinger und seiner Frau Johanna \u00fcbernommen.<br>Bis heute wird das Haus noch von deren Sohn Heinz-Herbert D\u00f6ffinger und seiner Frau Margarete bewohnt.<br><\/p>\n\n\n<div class=\"wp-block-image\">\n<figure class=\"aligncenter size-full\"><img loading=\"lazy\" decoding=\"async\" width=\"924\" height=\"660\" src=\"https:\/\/inheiden.de\/wp-content\/uploads\/2023\/01\/image-1.png\" alt=\"\" class=\"wp-image-453\" srcset=\"https:\/\/inheiden.de\/wp-content\/uploads\/2023\/01\/image-1.png 924w, https:\/\/inheiden.de\/wp-content\/uploads\/2023\/01\/image-1-300x214.png 300w, https:\/\/inheiden.de\/wp-content\/uploads\/2023\/01\/image-1-768x549.png 768w\" sizes=\"auto, (max-width: 924px) 100vw, 924px\" \/><figcaption class=\"wp-element-caption\">Bild aus dem Jahr 1975<br>(Quelle: Fam. D\u00f6ffinger)<\/figcaption><\/figure>\n<\/div>\n\n<div class=\"wp-block-image\">\n<figure class=\"aligncenter size-large\"><img loading=\"lazy\" decoding=\"async\" width=\"1024\" height=\"419\" src=\"https:\/\/inheiden.de\/wp-content\/uploads\/2023\/01\/image-2-1024x419.png\" alt=\"\" class=\"wp-image-454\" srcset=\"https:\/\/inheiden.de\/wp-content\/uploads\/2023\/01\/image-2-1024x419.png 1024w, https:\/\/inheiden.de\/wp-content\/uploads\/2023\/01\/image-2-300x123.png 300w, https:\/\/inheiden.de\/wp-content\/uploads\/2023\/01\/image-2-768x314.png 768w, https:\/\/inheiden.de\/wp-content\/uploads\/2023\/01\/image-2.png 1150w\" sizes=\"auto, (max-width: 1024px) 100vw, 1024px\" \/><figcaption class=\"wp-element-caption\">(Quelle: Landesamt f\u00fcr Denkmalpflege Hessen)<\/figcaption><\/figure>\n<\/div>","protected":false},"excerpt":{"rendered":"<p>Das Anwesen steht in der Stefan-Kuhn-Str. 1. Es besteht aus einem Wohnhaus und mehreren Stall- und Nebengeb\u00e4uden. Auf dem \u00e4ltesten Stra\u00dfenplan von Inheiden aus dem Jahre 1754 wurde das Haus zum ersten Mal erw\u00e4hnt. Es wurde aber wohl schon eher erbaut (wahrscheinlich im 17. Jahrhundert). Heute steht das gesamte Anwesen, einschlie\u00dflich der Klinkermauer und dem [&hellip;]<\/p>\n","protected":false},"author":1,"featured_media":0,"parent":0,"menu_order":0,"comment_status":"closed","ping_status":"closed","template":"","meta":{"ngg_post_thumbnail":0,"footnotes":""},"class_list":["post-264","page","type-page","status-publish","hentry"],"_links":{"self":[{"href":"https:\/\/inheiden.de\/index.php?rest_route=\/wp\/v2\/pages\/264","targetHints":{"allow":["GET"]}}],"collection":[{"href":"https:\/\/inheiden.de\/index.php?rest_route=\/wp\/v2\/pages"}],"about":[{"href":"https:\/\/inheiden.de\/index.php?rest_route=\/wp\/v2\/types\/page"}],"author":[{"embeddable":true,"href":"https:\/\/inheiden.de\/index.php?rest_route=\/wp\/v2\/users\/1"}],"replies":[{"embeddable":true,"href":"https:\/\/inheiden.de\/index.php?rest_route=%2Fwp%2Fv2%2Fcomments&post=264"}],"version-history":[{"count":3,"href":"https:\/\/inheiden.de\/index.php?rest_route=\/wp\/v2\/pages\/264\/revisions"}],"predecessor-version":[{"id":458,"href":"https:\/\/inheiden.de\/index.php?rest_route=\/wp\/v2\/pages\/264\/revisions\/458"}],"wp:attachment":[{"href":"https:\/\/inheiden.de\/index.php?rest_route=%2Fwp%2Fv2%2Fmedia&parent=264"}],"curies":[{"name":"wp","href":"https:\/\/api.w.org\/{rel}","templated":true}]}}