{"id":4,"date":"2021-07-16T20:47:45","date_gmt":"2021-07-16T20:47:45","guid":{"rendered":"http:\/\/inheiden.de\/willkommen-auf-http-inheiden-de"},"modified":"2025-12-04T08:53:06","modified_gmt":"2025-12-04T08:53:06","slug":"willkommen-auf-http-inheiden-de","status":"publish","type":"page","link":"https:\/\/inheiden.de\/","title":{"rendered":"Willkommen in Inheiden"},"content":{"rendered":"<div class=\"wp-block-image\">\n<figure class=\"alignright size-medium\"><img loading=\"lazy\" decoding=\"async\" width=\"300\" height=\"152\" src=\"https:\/\/inheiden.de\/wp-content\/uploads\/2022\/11\/Logo-Inheiden-1-300x152.jpg\" alt=\"\" class=\"wp-image-318\" srcset=\"https:\/\/inheiden.de\/wp-content\/uploads\/2022\/11\/Logo-Inheiden-1-300x152.jpg 300w, https:\/\/inheiden.de\/wp-content\/uploads\/2022\/11\/Logo-Inheiden-1.jpg 425w\" sizes=\"auto, (max-width: 300px) 100vw, 300px\" \/><\/figure>\n<\/div>\n\n\n<p class=\"has-black-color has-text-color\">Wir pr\u00e4sentieren Dir hier Informationen \u00fcber unseren Ort <strong>Inheiden <\/strong>mit seinem Naherholungsgebiet <strong>Inheidener See<\/strong>. Au\u00dferdem findet ihr hier Angebote der \u00f6rtlichen <strong>Vereine <\/strong>und <strong>Verb\u00e4nde<\/strong>.<\/p>\n\n\n\n<blockquote class=\"wp-block-quote is-layout-flow wp-block-quote-is-layout-flow\">\n<p>Inmitten einer einzigartigen Seenlandschaft, werden wir gesch\u00fctzt vom Vogelsberg im Osten und dem Taunus im Westen. <\/p>\n\n\n\n<p>In Inheiden lebt es sich pr\u00e4chtig. F\u00fcr die rund 1150 Einwohner stehen ein st\u00e4dtischer Kindergarten, eine Grundschule, eine Metzgerei, frische Eier vom Hof Weil, diverse Gastst\u00e4tten inklusive Kegelbahnen, Strandbars, Wohnmobilstellpl\u00e4tze und nat\u00fcrlich der weit \u00fcber die Grenzen unseres Dorfs bekannte Inheidener See mit dem Seefest Inheiden am ersten Augustwochenende bereit.<\/p>\n<\/blockquote>\n\n\n\n<p>Die erste urkundliche Erw\u00e4hnung gab es bereits im Jahr 1148, deswegen haben wir im Jahr 2023 unsere <strong>875 Jahrfeier<\/strong> mit vielen Veranstaltungen begangen! <\/p>\n\n\n\n<p><\/p>\n\n\n<style>.wp-block-kadence-spacer.kt-block-spacer-4_cbf2ae-95 .kt-block-spacer{height:60px;}.wp-block-kadence-spacer.kt-block-spacer-4_cbf2ae-95 .kt-divider{border-top-width:1px;height:1px;border-top-color:#eee;width:80%;border-top-style:solid;}<\/style>\n<div class=\"wp-block-kadence-spacer aligncenter kt-block-spacer-4_cbf2ae-95\"><div class=\"kt-block-spacer kt-block-spacer-halign-center\"><hr class=\"kt-divider\"\/><\/div><\/div>\n\n\n<style>.wp-block-kadence-advancedheading.kt-adv-heading4_ec5e29-e9, .wp-block-kadence-advancedheading.kt-adv-heading4_ec5e29-e9[data-kb-block=\"kb-adv-heading4_ec5e29-e9\"]{font-style:normal;}.wp-block-kadence-advancedheading.kt-adv-heading4_ec5e29-e9 mark.kt-highlight, .wp-block-kadence-advancedheading.kt-adv-heading4_ec5e29-e9[data-kb-block=\"kb-adv-heading4_ec5e29-e9\"] mark.kt-highlight{font-style:normal;color:#f76a0c;-webkit-box-decoration-break:clone;box-decoration-break:clone;padding-top:0px;padding-right:0px;padding-bottom:0px;padding-left:0px;}.wp-block-kadence-advancedheading.kt-adv-heading4_ec5e29-e9 img.kb-inline-image, .wp-block-kadence-advancedheading.kt-adv-heading4_ec5e29-e9[data-kb-block=\"kb-adv-heading4_ec5e29-e9\"] img.kb-inline-image{width:150px;vertical-align:baseline;}<\/style>\n<h2 class=\"kt-adv-heading4_ec5e29-e9 wp-block-kadence-advancedheading\" data-kb-block=\"kb-adv-heading4_ec5e29-e9\">Unsere Dorfvereine! Hier stehen soziales Miteinander, Spa\u00df und Freude im Mittelpunkt!<\/h2>\n\n\n\n<p><img decoding=\"async\" src=\"blob:https:\/\/web.whatsapp.com\/3c0f754f-0489-4942-a2ba-9a238eddac93\"><\/p>\n<table style=\"border-collapse: collapse; width: 100%; height: 807px;\">\n<tbody>\n<tr style=\"height: 182px;\">\n<td style=\"width: 33.3333%; height: 182px;\"><a href=\"https:\/\/betreuungsverein-inheiden.de\/\" target=\"_blank\" rel=\"noopener\"><img loading=\"lazy\" decoding=\"async\" class=\"aligncenter wp-image-57\" src=\"https:\/\/inheiden.de\/wp-content\/uploads\/2021\/07\/logo_betreuung-294x300.jpg\" alt=\"Betreuungsverein\" width=\"156\" height=\"159\" srcset=\"https:\/\/inheiden.de\/wp-content\/uploads\/2021\/07\/logo_betreuung-294x300.jpg 294w, https:\/\/inheiden.de\/wp-content\/uploads\/2021\/07\/logo_betreuung.jpg 367w\" sizes=\"auto, (max-width: 156px) 100vw, 156px\" \/><\/a><\/td>\n<td style=\"width: 33.3333%; height: 182px;\"><a href=\"https:\/\/drk-mittelhessen.de\/index.php?id=2713&amp;L=1\" target=\"_blank\" rel=\"noopener\"><img loading=\"lazy\" decoding=\"async\" class=\"aligncenter wp-image-60 size-thumbnail\" src=\"https:\/\/inheiden.de\/wp-content\/uploads\/2021\/07\/jrk-150x150.jpg\" alt=\"JRK Inheiden\" width=\"150\" height=\"150\"><\/a><\/td>\n<td style=\"width: 33.3333%; height: 182px; text-align: center;\"><a href=\"https:\/\/www.ff-inheiden.de\/\" target=\"_blank\" rel=\"noopener\"><img loading=\"lazy\" decoding=\"async\" class=\"wp-image-186 aligncenter\" src=\"https:\/\/inheiden.de\/wp-content\/uploads\/2022\/09\/Logo_Neu_2022-300x300.png\" alt=\"\" width=\"170\" height=\"170\" srcset=\"https:\/\/inheiden.de\/wp-content\/uploads\/2022\/09\/Logo_Neu_2022-300x300.png 300w, https:\/\/inheiden.de\/wp-content\/uploads\/2022\/09\/Logo_Neu_2022-150x150.png 150w, https:\/\/inheiden.de\/wp-content\/uploads\/2022\/09\/Logo_Neu_2022-768x768.png 768w, https:\/\/inheiden.de\/wp-content\/uploads\/2022\/09\/Logo_Neu_2022.png 1000w\" sizes=\"auto, (max-width: 170px) 100vw, 170px\" \/><\/a><\/td>\n<\/tr>\n<tr style=\"height: 153px;\">\n<td style=\"width: 33.3333%; height: 153px;\"><a href=\"https:\/\/www.gartenbauverein-inheiden.de\/\" target=\"_blank\" rel=\"noopener\"><img loading=\"lazy\" decoding=\"async\" class=\"size-medium wp-image-333 aligncenter\" src=\"https:\/\/inheiden.de\/wp-content\/uploads\/2022\/12\/Obst-und-GartebauVerein-300x168.jpg\" alt=\"\" width=\"300\" height=\"168\" srcset=\"https:\/\/inheiden.de\/wp-content\/uploads\/2022\/12\/Obst-und-GartebauVerein-300x168.jpg 300w, https:\/\/inheiden.de\/wp-content\/uploads\/2022\/12\/Obst-und-GartebauVerein-1024x574.jpg 1024w, https:\/\/inheiden.de\/wp-content\/uploads\/2022\/12\/Obst-und-GartebauVerein-768x430.jpg 768w, https:\/\/inheiden.de\/wp-content\/uploads\/2022\/12\/Obst-und-GartebauVerein.jpg 1281w\" sizes=\"auto, (max-width: 300px) 100vw, 300px\" \/><\/a><\/td>\n<td style=\"width: 33.3333%; height: 153px;\"><a href=\"https:\/\/www.gesangverein-inheiden.de\/\" target=\"_blank\" rel=\"noopener\"><img loading=\"lazy\" decoding=\"async\" class=\"aligncenter wp-image-66 size-thumbnail\" src=\"https:\/\/inheiden.de\/wp-content\/uploads\/2021\/07\/gesangverein-150x150.jpg\" alt=\"M\u00e4nnergesangverein\" width=\"150\" height=\"150\"><\/a><\/td>\n<td style=\"width: 33.3333%; height: 153px;\"><a href=\"http:\/\/rv-inheiden.de\" target=\"_blank\" rel=\"noopener\"><img loading=\"lazy\" decoding=\"async\" class=\"aligncenter wp-image-67 size-thumbnail\" src=\"https:\/\/inheiden.de\/wp-content\/uploads\/2021\/07\/radfahrverein-150x150.jpg\" alt=\"Radfahrerverein\" width=\"150\" height=\"150\"><\/a><\/td>\n<\/tr>\n<tr style=\"height: 184px;\">\n<td style=\"width: 33.3333%; height: 184px;\"><a href=\"http:\/\/segelclub-inheiden.de\" target=\"_blank\" rel=\"noopener\"><img loading=\"lazy\" decoding=\"async\" class=\"aligncenter wp-image-68 size-medium\" src=\"https:\/\/inheiden.de\/wp-content\/uploads\/2021\/07\/sci-300x221.jpg\" alt=\"SCI Segelclub Inheiden\" width=\"300\" height=\"221\" srcset=\"https:\/\/inheiden.de\/wp-content\/uploads\/2021\/07\/sci-300x221.jpg 300w, https:\/\/inheiden.de\/wp-content\/uploads\/2021\/07\/sci.jpg 434w\" sizes=\"auto, (max-width: 300px) 100vw, 300px\" \/><\/a><\/td>\n<td style=\"width: 33.3333%; height: 184px;\"><a href=\"http:\/\/sv-inheiden.de\" target=\"_blank\" rel=\"noopener\"><img loading=\"lazy\" decoding=\"async\" class=\"aligncenter wp-image-69 size-full\" src=\"https:\/\/inheiden.de\/wp-content\/uploads\/2021\/07\/SVI.jpg\" alt=\"Sportverein\" width=\"165\" height=\"167\"><\/a><\/td>\n<td style=\"width: 33.3333%; height: 184px;\"><a href=\"http:\/\/vdk.de\/kv-giessen\/ID71781\" target=\"_blank\" rel=\"noopener\"><img loading=\"lazy\" decoding=\"async\" class=\"aligncenter wp-image-70 size-full\" src=\"https:\/\/inheiden.de\/wp-content\/uploads\/2021\/07\/vdk.png\" alt=\"VDK\" width=\"154\" height=\"89\"><\/a><\/td>\n<\/tr>\n<tr style=\"height: 84px;\">\n<td style=\"width: 33.3333%; height: 84px;\"><a href=\"https:\/\/www.schaeferhunde.de\/der-verein\/ortsgruppen\/suche?tx_svmodules_maplocation%5Bcontroller%5D=MapLocation\"><img loading=\"lazy\" decoding=\"async\" class=\"aligncenter wp-image-71 size-full\" src=\"https:\/\/inheiden.de\/wp-content\/uploads\/2021\/07\/Hundeverein.jpg\" alt=\"Hundeverein\" width=\"250\" height=\"97\"><\/a><\/td>\n<td style=\"width: 33.3333%; height: 84px;\">\n<p style=\"text-align: center;\"><img loading=\"lazy\" decoding=\"async\" class=\" wp-image-90 aligncenter\" src=\"https:\/\/inheiden.de\/wp-content\/uploads\/2021\/07\/Landfrauen-300x121.jpg\" alt=\"\" width=\"176\" height=\"71\" srcset=\"https:\/\/inheiden.de\/wp-content\/uploads\/2021\/07\/Landfrauen-300x121.jpg 300w, https:\/\/inheiden.de\/wp-content\/uploads\/2021\/07\/Landfrauen.jpg 331w\" sizes=\"auto, (max-width: 176px) 100vw, 176px\" \/><a href=\"https:\/\/www.dasoertliche.de\/Themen\/Gondolf-Birgit-u-G%C3%BCnter-Hungen-Inheiden-Stefan-Kuhn-Str\" target=\"_blank\" rel=\"noopener\">B. Gondolf<\/a><br><a href=\"https:\/\/www.dasoertliche.de\/Themen\/Weihrauch-Kirsten-u-Martin-Hungen-Inheiden-K%C3%B6stweg\" target=\"_blank\" rel=\"noopener\">K. Weihrauch<\/a><\/p>\n<\/td>\n<td style=\"width: 33.3333%; height: 84px;\"><a href=\"https:\/\/www.nabu-horlofftal.de\/\" target=\"_blank\" rel=\"noopener\"><img loading=\"lazy\" decoding=\"async\" class=\"size-full wp-image-351 aligncenter\" src=\"https:\/\/inheiden.de\/wp-content\/uploads\/2022\/12\/nabu.png\" alt=\"\" width=\"220\" height=\"200\"><\/a><\/td>\n<\/tr>\n<tr style=\"height: 204px;\">\n<td style=\"width: 33.3333%; height: 204px;\"><a href=\"http:\/\/www.seefest-inheiden.de\"><img loading=\"lazy\" decoding=\"async\" class=\"alignnone\" src=\"https:\/\/image.jimcdn.com\/app\/cms\/image\/transf\/dimension=769x10000:format=png\/path\/sbdb328b6d5d5c397\/image\/i9769d020444eab87\/version\/1730379775\/image.png\" alt=\"Seefest Inheiden GbR\" width=\"769\" height=\"307\"><\/a><\/td>\n<td style=\"width: 33.3333%; height: 204px;\">\n<p style=\"text-align: center;\">&nbsp;<\/p>\n<\/td>\n<td style=\"width: 33.3333%; height: 204px;\">&nbsp;<\/td>\n<\/tr>\n<\/tbody>\n<\/table>\n<p>&nbsp;<\/p>\n\n\n\n<p><a href=\"https:\/\/inheiden.de\/privacy-policy\" data-type=\"page\" data-id=\"3\" target=\"_blank\" rel=\"noreferrer noopener\">Impressum und Privacy<\/a><\/p>\n","protected":false},"excerpt":{"rendered":"<p>Wir pr\u00e4sentieren Dir hier Informationen \u00fcber unseren Ort Inheiden mit seinem Naherholungsgebiet Inheidener See. Au\u00dferdem findet ihr hier Angebote der \u00f6rtlichen Vereine und Verb\u00e4nde. Inmitten einer einzigartigen Seenlandschaft, werden wir gesch\u00fctzt vom Vogelsberg im Osten und dem Taunus im Westen. In Inheiden lebt es sich pr\u00e4chtig. F\u00fcr die rund 1150 Einwohner stehen ein st\u00e4dtischer Kindergarten, [&hellip;]<\/p>\n","protected":false},"author":1,"featured_media":0,"parent":0,"menu_order":0,"comment_status":"closed","ping_status":"open","template":"","meta":{"ngg_post_thumbnail":0,"footnotes":""},"class_list":["post-4","page","type-page","status-publish","hentry"],"_links":{"self":[{"href":"https:\/\/inheiden.de\/index.php?rest_route=\/wp\/v2\/pages\/4","targetHints":{"allow":["GET"]}}],"collection":[{"href":"https:\/\/inheiden.de\/index.php?rest_route=\/wp\/v2\/pages"}],"about":[{"href":"https:\/\/inheiden.de\/index.php?rest_route=\/wp\/v2\/types\/page"}],"author":[{"embeddable":true,"href":"https:\/\/inheiden.de\/index.php?rest_route=\/wp\/v2\/users\/1"}],"replies":[{"embeddable":true,"href":"https:\/\/inheiden.de\/index.php?rest_route=%2Fwp%2Fv2%2Fcomments&post=4"}],"version-history":[{"count":62,"href":"https:\/\/inheiden.de\/index.php?rest_route=\/wp\/v2\/pages\/4\/revisions"}],"predecessor-version":[{"id":697,"href":"https:\/\/inheiden.de\/index.php?rest_route=\/wp\/v2\/pages\/4\/revisions\/697"}],"wp:attachment":[{"href":"https:\/\/inheiden.de\/index.php?rest_route=%2Fwp%2Fv2%2Fmedia&parent=4"}],"curies":[{"name":"wp","href":"https:\/\/api.w.org\/{rel}","templated":true}]}}